{"id":5383,"date":"2019-03-01T15:50:16","date_gmt":"2019-03-01T14:50:16","guid":{"rendered":"http:\/\/wp.lesmierz.edu.pl\/?page_id=5383"},"modified":"2019-03-21T13:48:29","modified_gmt":"2019-03-21T12:48:29","slug":"rpld-11-01-02-1-18-073","status":"publish","type":"page","link":"https:\/\/www.lesmierz.edu.pl\/?page_id=5383","title":{"rendered":"RPLD.11.01.02-10-0073\/18"},"content":{"rendered":"<p><a href=\"http:\/\/wp.lesmierz.edu.pl\/wp-content\/uploads\/2019\/03\/Wst\u0105\u017cka.jpg\"><img loading=\"lazy\" decoding=\"async\" class=\"alignleft wp-image-5385 \" src=\"http:\/\/wp.lesmierz.edu.pl\/wp-content\/uploads\/2019\/03\/Wst\u0105\u017cka.jpg\" alt=\"\" width=\"755\" height=\"86\" srcset=\"https:\/\/www.lesmierz.edu.pl\/wp-content\/uploads\/2019\/03\/Wst\u0105\u017cka.jpg 945w, https:\/\/www.lesmierz.edu.pl\/wp-content\/uploads\/2019\/03\/Wst\u0105\u017cka-300x34.jpg 300w, https:\/\/www.lesmierz.edu.pl\/wp-content\/uploads\/2019\/03\/Wst\u0105\u017cka-768x88.jpg 768w, https:\/\/www.lesmierz.edu.pl\/wp-content\/uploads\/2019\/03\/Wst\u0105\u017cka-360x41.jpg 360w\" sizes=\"auto, (max-width: 755px) 100vw, 755px\" \/><\/a><\/p>\n<p style=\"padding-left: 30px;\">&nbsp;<\/p>\n<p>&nbsp;<\/p>\n<p>&nbsp;<\/p>\n<p style=\"padding-left: 30px;\">[su_spoiler title=&#8221;<strong>O projekcie<\/strong>&#8221; style=&#8221;fancy&#8221; icon=&#8221;caret-square&#8221;]&nbsp;<\/p>\n<p style=\"padding-left: 30px; text-align: center;\">\u201e<strong><em>Rozw\u00f3j kompetencji kluczowych oraz umiej\u0119tno\u015bci uniwersalnych niezb\u0119dnych na rynku pracy w Szkole Podstawowej im. Stanis\u0142awa Jachowicza w Le\u015bmierzu\u201d<\/em><\/strong><\/p>\n<p style=\"padding-left: 30px;\">to projekt wybrany w konkursie prowadzonym przez Zarz\u0105d Wojew\u00f3dztwa \u0141\u00f3dzkiego w ramach Osi Priorytetowej XI, Dzia\u0142anie XI.1, Poddzia\u0142ania XI.1.2 realizowanego z udzia\u0142em dofinansowania ze \u015brodk\u00f3w Regionalnego Programu Operacyjnego Wojew\u00f3dztwa \u0141\u00f3dzkiego na lata 2014-2020 i realizowanym na podstawie umowy o dofinansowanie RPLD.11.01.02-10-0073\/18[\/su_spoiler]<\/p>\n<p style=\"padding-left: 30px;\">[su_spoiler title=&#8221;<strong>Opis projektu<\/strong>&#8221; style=&#8221;fancy&#8221; icon=&#8221;caret-square&#8221;]&nbsp;&nbsp;&nbsp; &nbsp;W projekcie wsparciem obj\u0119ta zostanie Szko\u0142a Podstawowa w Le\u015bmierzu, jej 180 uczni\u00f3w z klas I-VIII realizuj\u0105cych podstawowy program kszta\u0142cenia og\u00f3lnego oraz 28 nauczycieli.<\/p>\n<p style=\"padding-left: 30px;\">&nbsp; &nbsp; Celem projektu jest wzrost jako\u015bci i atrakcyjno\u015bci kszta\u0142cenia w Szkole Podstawowej poprzez realizacj\u0119 zaj\u0119\u0107 dodatkowych ukierunkowanych na rozw\u00f3j kompetencji kluczowych i zaspokojenie specjalnych potrzeb rozwojowych i edukacyjnych uczni\u00f3w, wzrost kompetencji nauczycieli oraz doposa\u017cenie plac\u00f3wki w pomoce dydaktyczne i sprz\u0119t TIK w okresie od 01.01.2019 do 31.12.2020.<\/p>\n<p style=\"padding-left: 30px;\">&nbsp; &nbsp; &nbsp;W ramach projektu przewidziano zaj\u0119cia dydaktyczno- wyr\u00f3wnawcze i rozwijaj\u0105ce kompetencje kluczowe, przedsi\u0119biorczo\u015b\u0107, k\u00f3\u0142ka zainteresowa\u0144 oraz zaj\u0119cia specjalistyczne. Ponadto doposa\u017cone zostan\u0105 pracownie: matematyczna, techniki i informatyczna. Dodatkowo projekt promuje indywidualne podej\u015bcie do ucznia ze szczeg\u00f3lnym uwzgl\u0119dnieniem uczni\u00f3w ze specjalnymi potrzebami rozwojowymi i edukacyjnymi.<\/p>\n<p style=\"padding-left: 30px;\">&nbsp; &nbsp; &nbsp;Og\u00f3\u0142em odb\u0119dzie si\u0119 5400 godzin zaj\u0119\u0107 zrealizowanych podczas realizacji czterech zada\u0144:<\/p>\n<p style=\"padding-left: 30px;\">\u2022 Zadanie 1 -Kszta\u0142towanie i rozwijanie kompetencji kluczowych i umiej\u0119tno\u015bci niezb\u0119dnych na rynku pracy (typ 1)<\/p>\n<p style=\"padding-left: 30px;\">\u2022 Zadanie 2 -Kszta\u0142towanie i rozwijanie kompetencje matematyczno-przyrodniczych (typ 2)<\/p>\n<p style=\"padding-left: 30px;\">\u2022 Zadanie 3 -Kszta\u0142towanie i rozwijanie kompetencji cyfrowych (typ 3)<\/p>\n<p style=\"padding-left: 30px;\">\u2022 Zadanie 4 -Wsparcie uczni\u00f3w ze specjalnymi potrzebami edukacyjnymi (typ 4)[\/su_spoiler]<\/p>\n<h3 style=\"text-align: center;\">Co si\u0119 dzieje?<\/h3>\n<p><span style=\"vertical-align: inherit;\"><span style=\"vertical-align: inherit;\"><span style=\"vertical-align: inherit;\"><span style=\"vertical-align: inherit;\"><span style=\"vertical-align: inherit;\"><span style=\"vertical-align: inherit;\">&nbsp;<\/span><\/span><\/span><\/span><span style=\"vertical-align: inherit;\"><span style=\"vertical-align: inherit;\"> [su_posts posts_per_page = &#8220;- 1&#8221; tax_term = &#8220;15&#8221; order = &#8220;desc&#8221;]&nbsp; [su_posts tax_term = &#8220;5&#8221;]&nbsp;&nbsp;<\/span><\/span><\/span><\/span><\/p>\n","protected":false},"excerpt":{"rendered":"<p>&nbsp; &nbsp; &nbsp; [su_spoiler title=&#8221;O projekcie&#8221; style=&#8221;fancy&#8221; icon=&#8221;caret-square&#8221;]&nbsp; \u201eRozw\u00f3j kompetencji kluczowych oraz umiej\u0119tno\u015bci uniwersalnych niezb\u0119dnych na rynku pracy w Szkole Podstawowej im. Stanis\u0142awa Jachowicza w Le\u015bmierzu\u201d to projekt wybrany w <a href=\"https:\/\/www.lesmierz.edu.pl\/?page_id=5383\" class=\"read-more\">wi\u0119cej &#8230;<\/a><\/p>\n","protected":false},"author":1,"featured_media":0,"parent":0,"menu_order":0,"comment_status":"closed","ping_status":"closed","template":"","meta":{"ngg_post_thumbnail":0,"footnotes":""},"class_list":["post-5383","page","type-page","status-publish","hentry"],"_links":{"self":[{"href":"https:\/\/www.lesmierz.edu.pl\/index.php?rest_route=\/wp\/v2\/pages\/5383","targetHints":{"allow":["GET"]}}],"collection":[{"href":"https:\/\/www.lesmierz.edu.pl\/index.php?rest_route=\/wp\/v2\/pages"}],"about":[{"href":"https:\/\/www.lesmierz.edu.pl\/index.php?rest_route=\/wp\/v2\/types\/page"}],"author":[{"embeddable":true,"href":"https:\/\/www.lesmierz.edu.pl\/index.php?rest_route=\/wp\/v2\/users\/1"}],"replies":[{"embeddable":true,"href":"https:\/\/www.lesmierz.edu.pl\/index.php?rest_route=%2Fwp%2Fv2%2Fcomments&post=5383"}],"version-history":[{"count":42,"href":"https:\/\/www.lesmierz.edu.pl\/index.php?rest_route=\/wp\/v2\/pages\/5383\/revisions"}],"predecessor-version":[{"id":5526,"href":"https:\/\/www.lesmierz.edu.pl\/index.php?rest_route=\/wp\/v2\/pages\/5383\/revisions\/5526"}],"wp:attachment":[{"href":"https:\/\/www.lesmierz.edu.pl\/index.php?rest_route=%2Fwp%2Fv2%2Fmedia&parent=5383"}],"curies":[{"name":"wp","href":"https:\/\/api.w.org\/{rel}","templated":true}]}}