{"id":18476,"date":"2022-05-26T10:39:07","date_gmt":"2022-05-26T08:39:07","guid":{"rendered":"https:\/\/www.lesmierz.edu.pl\/?page_id=18476"},"modified":"2022-05-27T14:06:18","modified_gmt":"2022-05-27T12:06:18","slug":"poznaj-polske","status":"publish","type":"page","link":"https:\/\/www.lesmierz.edu.pl\/?page_id=18476","title":{"rendered":"Poznaj Polsk\u0119"},"content":{"rendered":"<p><a href=\"https:\/\/www.lesmierz.edu.pl\/wp-content\/uploads\/2022\/05\/poznajPolske.jpeg\"><img loading=\"lazy\" decoding=\"async\" class=\"alignleft size-medium wp-image-18513\" src=\"https:\/\/www.lesmierz.edu.pl\/wp-content\/uploads\/2022\/05\/poznajPolske-300x131.jpeg\" alt=\"\" width=\"300\" height=\"131\" srcset=\"https:\/\/www.lesmierz.edu.pl\/wp-content\/uploads\/2022\/05\/poznajPolske-300x131.jpeg 300w, https:\/\/www.lesmierz.edu.pl\/wp-content\/uploads\/2022\/05\/poznajPolske-768x336.jpeg 768w, https:\/\/www.lesmierz.edu.pl\/wp-content\/uploads\/2022\/05\/poznajPolske-1024x448.jpeg 1024w, https:\/\/www.lesmierz.edu.pl\/wp-content\/uploads\/2022\/05\/poznajPolske-360x157.jpeg 360w, https:\/\/www.lesmierz.edu.pl\/wp-content\/uploads\/2022\/05\/poznajPolske.jpeg 1420w\" sizes=\"auto, (max-width: 300px) 100vw, 300px\" \/><\/a><\/p>\n<p>&nbsp;<\/p>\n<p>&nbsp;<\/p>\n<p>&nbsp;<\/p>\n<p>&nbsp;<\/p>\n<p>&nbsp;<\/p>\n<p style=\"padding-left: 30px;\">[su_spoiler title=&#8221;<strong>O projekcie<\/strong>&#8221; style=&#8221;fancy&#8221; icon=&#8221;caret-square&#8221;] Przedmiotem przedsi\u0119wzi\u0119cia jest wsparcie organ\u00f3w prowadz\u0105cych publiczne i niepubliczne szko\u0142y dla dzieci i m\u0142odzie\u017cy w realizacji zada\u0144 maj\u0105cych na celu uatrakcyjnienie procesu edukacyjnego dzieci i m\u0142odzie\u017cy poprzez umo\u017cliwienie im poznawania Polski, jej \u015brodowiska przyrodniczego, tradycji, zabytk\u00f3w kultury i historii oraz osi\u0105gni\u0119\u0107 polskiej nauki.[\/su_spoiler]<\/p>\n<p style=\"padding-left: 30px;\">[su_spoiler title=&#8221;<strong>Opis projektu<\/strong>&#8221; style=&#8221;fancy&#8221; icon=&#8221;caret-square&#8221;]<\/p>\n<p>Przedsi\u0119wzi\u0119cie ma wspom\u00f3c realizacj\u0119 podstaw programowych dla szk\u00f3\u0142 podstawowych i ponadpodstawowych. Pozwoli urozmaici\u0107 zaj\u0119cia lekcyjne, dzi\u0119ki czemu nauka nabierze praktycznego wymiaru. Uczenie si\u0119 oparte na praktycznym odkrywaniu \u015blad\u00f3w historii, czy te\u017c eksperymentowaniu w centrach nauki stworzy uczniom warunki do zdobywania nowych umiej\u0119tno\u015bci w niepowtarzalnym \u015brodowisku edukacyjnym.<\/p>\n<p>Przyznawane przez Ministra w formie dotacji celowej \u015brodki finansowe przeznaczane s\u0105 na dofinansowanie wycieczek szkolnych zwi\u0105zanych z priorytetowymi obszarami edukacyjnymi wskazanymi przez Ministra w odr\u0119bnym komunikacie w ka\u017cdym roku realizacji przedsi\u0119wzi\u0119cia. W ramach tych obszar\u00f3w Minister og\u0142asza na swojej stronie podmiotowej wykazy punkt\u00f3w edukacyjnych dla trzech grup wiekowych (klasy I-III szk\u00f3\u0142 podstawowych, klasy IV-VIII szk\u00f3\u0142 podstawowych oraz szko\u0142y ponadpodstawowe).<\/p>\n<p style=\"padding-left: 30px;\">[\/su_spoiler]<\/p>\n<h3 style=\"text-align: center;\">Co si\u0119 dzieje?<\/h3>\n<p><span style=\"vertical-align: inherit;\">&nbsp; [su_posts posts_per_page = &#8220;- 1&#8221; tax_term = &#8220;30&#8221; order = &#8220;opis&#8221;] [su_posts tax_term = &#8220;5&#8221;]&nbsp;&nbsp;<\/span><\/p>\n<p>&nbsp;<\/p>\n","protected":false},"excerpt":{"rendered":"<p>&nbsp; &nbsp; &nbsp; &nbsp; &nbsp; [su_spoiler title=&#8221;O projekcie&#8221; style=&#8221;fancy&#8221; icon=&#8221;caret-square&#8221;] Przedmiotem przedsi\u0119wzi\u0119cia jest wsparcie organ\u00f3w prowadz\u0105cych publiczne i niepubliczne szko\u0142y dla dzieci i m\u0142odzie\u017cy w realizacji zada\u0144 maj\u0105cych na celu <a href=\"https:\/\/www.lesmierz.edu.pl\/?page_id=18476\" class=\"read-more\">wi\u0119cej &#8230;<\/a><\/p>\n","protected":false},"author":1,"featured_media":0,"parent":0,"menu_order":0,"comment_status":"closed","ping_status":"closed","template":"","meta":{"ngg_post_thumbnail":0,"footnotes":""},"class_list":["post-18476","page","type-page","status-publish","hentry"],"_links":{"self":[{"href":"https:\/\/www.lesmierz.edu.pl\/index.php?rest_route=\/wp\/v2\/pages\/18476","targetHints":{"allow":["GET"]}}],"collection":[{"href":"https:\/\/www.lesmierz.edu.pl\/index.php?rest_route=\/wp\/v2\/pages"}],"about":[{"href":"https:\/\/www.lesmierz.edu.pl\/index.php?rest_route=\/wp\/v2\/types\/page"}],"author":[{"embeddable":true,"href":"https:\/\/www.lesmierz.edu.pl\/index.php?rest_route=\/wp\/v2\/users\/1"}],"replies":[{"embeddable":true,"href":"https:\/\/www.lesmierz.edu.pl\/index.php?rest_route=%2Fwp%2Fv2%2Fcomments&post=18476"}],"version-history":[{"count":6,"href":"https:\/\/www.lesmierz.edu.pl\/index.php?rest_route=\/wp\/v2\/pages\/18476\/revisions"}],"predecessor-version":[{"id":18526,"href":"https:\/\/www.lesmierz.edu.pl\/index.php?rest_route=\/wp\/v2\/pages\/18476\/revisions\/18526"}],"wp:attachment":[{"href":"https:\/\/www.lesmierz.edu.pl\/index.php?rest_route=%2Fwp%2Fv2%2Fmedia&parent=18476"}],"curies":[{"name":"wp","href":"https:\/\/api.w.org\/{rel}","templated":true}]}}